{"id":105,"date":"2025-01-18T17:01:46","date_gmt":"2025-01-18T17:01:46","guid":{"rendered":"https:\/\/prolancers.pl\/index.php\/penny-grow-service-details\/"},"modified":"2026-03-29T19:32:57","modified_gmt":"2026-03-29T19:32:57","slug":"cennik-uslug","status":"publish","type":"page","link":"https:\/\/prolancers.pl\/index.php\/cennik-uslug\/","title":{"rendered":"Cennik"},"content":{"rendered":"\t\t<div data-elementor-type=\"wp-page\" data-elementor-id=\"105\" class=\"elementor elementor-105\">\n\t\t\t\t\t\t<section class=\"elementor-section elementor-top-section elementor-element elementor-element-d3e38b4 elementor-reverse-tablet elementor-reverse-mobile elementor-section-boxed elementor-section-height-default elementor-section-height-default\" data-id=\"d3e38b4\" data-element_type=\"section\" data-e-type=\"section\" data-settings=\"{&quot;background_background&quot;:&quot;gradient&quot;}\">\n\t\t\t\t\t\t\t<div class=\"elementor-background-overlay\"><\/div>\n\t\t\t\t\t\t\t<div class=\"elementor-container elementor-column-gap-no\">\n\t\t\t\t\t<div class=\"elementor-column elementor-col-100 elementor-top-column elementor-element elementor-element-529235c\" data-id=\"529235c\" data-element_type=\"column\" data-e-type=\"column\">\n\t\t\t<div class=\"elementor-widget-wrap elementor-element-populated\">\n\t\t\t\t\t\t<div class=\"elementor-element elementor-element-de825cb elementor-widget elementor-widget-heading\" data-id=\"de825cb\" data-element_type=\"widget\" data-e-type=\"widget\" data-widget_type=\"heading.default\">\n\t\t\t\t<div class=\"elementor-widget-container\">\n\t\t\t\t\t<h1 class=\"elementor-heading-title elementor-size-default\">Cennik<\/h1>\t\t\t\t<\/div>\n\t\t\t\t<\/div>\n\t\t\t\t<div class=\"elementor-element elementor-element-692c6bc elementor-widget elementor-widget-heading\" data-id=\"692c6bc\" data-element_type=\"widget\" data-e-type=\"widget\" data-widget_type=\"heading.default\">\n\t\t\t\t<div class=\"elementor-widget-container\">\n\t\t\t\t\t<p class=\"elementor-heading-title elementor-size-default\">Zapraszam do zapoznania si\u0119 z cenami poszczeg\u00f3lnych us\u0142ug. Dok\u0142adniejsze informacje mo\u017cna znale\u017a\u0107 w karcie poszczeg\u00f3lnych us\u0142ug.<\/p>\t\t\t\t<\/div>\n\t\t\t\t<\/div>\n\t\t\t\t<div class=\"elementor-element elementor-element-684ae61 elementor-tablet-align-center elementor-align-center elementor-widget elementor-widget-button\" data-id=\"684ae61\" data-element_type=\"widget\" data-e-type=\"widget\" data-widget_type=\"button.default\">\n\t\t\t\t<div class=\"elementor-widget-container\">\n\t\t\t\t\t\t\t\t\t<div class=\"elementor-button-wrapper\">\n\t\t\t\t\t<a class=\"elementor-button elementor-button-link elementor-size-md elementor-animation-shrink\" href=\"https:\/\/prolancers.pl\/\">\n\t\t\t\t\t\t<span class=\"elementor-button-content-wrapper\">\n\t\t\t\t\t\t\t\t\t<span class=\"elementor-button-text\">Strona G\u0142\u00f3wna<\/span>\n\t\t\t\t\t<\/span>\n\t\t\t\t\t<\/a>\n\t\t\t\t<\/div>\n\t\t\t\t\t\t\t\t<\/div>\n\t\t\t\t<\/div>\n\t\t\t\t\t<\/div>\n\t\t<\/div>\n\t\t\t\t\t<\/div>\n\t\t<\/section>\n\t\t\t\t<section class=\"elementor-section elementor-top-section elementor-element elementor-element-d96a6b8 elementor-section-content-middle elementor-section-boxed elementor-section-height-default elementor-section-height-default\" data-id=\"d96a6b8\" data-element_type=\"section\" data-e-type=\"section\" data-settings=\"{&quot;background_background&quot;:&quot;gradient&quot;}\">\n\t\t\t\t\t\t<div class=\"elementor-container elementor-column-gap-no\">\n\t\t\t\t\t<div class=\"elementor-column elementor-col-100 elementor-top-column elementor-element elementor-element-e1a353c\" data-id=\"e1a353c\" data-element_type=\"column\" data-e-type=\"column\">\n\t\t\t<div class=\"elementor-widget-wrap elementor-element-populated\">\n\t\t\t\t\t\t<section class=\"elementor-section elementor-inner-section elementor-element elementor-element-8c544b2 elementor-section-full_width elementor-section-content-middle elementor-section-height-default elementor-section-height-default\" data-id=\"8c544b2\" data-element_type=\"section\" data-e-type=\"section\">\n\t\t\t\t\t\t<div class=\"elementor-container elementor-column-gap-no\">\n\t\t\t\t\t<div class=\"elementor-column elementor-col-50 elementor-inner-column elementor-element elementor-element-bc9534f\" data-id=\"bc9534f\" data-element_type=\"column\" data-e-type=\"column\">\n\t\t\t<div class=\"elementor-widget-wrap elementor-element-populated\">\n\t\t\t\t\t\t<div class=\"elementor-element elementor-element-6e8de89 animated-slow elementor-invisible elementor-widget elementor-widget-image\" data-id=\"6e8de89\" data-element_type=\"widget\" data-e-type=\"widget\" data-settings=\"{&quot;_animation&quot;:&quot;fadeInUp&quot;}\" data-widget_type=\"image.default\">\n\t\t\t\t<div class=\"elementor-widget-container\">\n\t\t\t\t\t\t\t\t\t\t\t\t\t\t\t<img fetchpriority=\"high\" decoding=\"async\" width=\"800\" height=\"530\" src=\"https:\/\/prolancers.pl\/wp-content\/uploads\/2025\/01\/kelly-sikkema-3-Tc_5LROrM-unsplash-1.jpg\" class=\"attachment-full size-full wp-image-162\" alt=\"\" srcset=\"https:\/\/prolancers.pl\/wp-content\/uploads\/2025\/01\/kelly-sikkema-3-Tc_5LROrM-unsplash-1.jpg 800w, https:\/\/prolancers.pl\/wp-content\/uploads\/2025\/01\/kelly-sikkema-3-Tc_5LROrM-unsplash-1-300x199.jpg 300w, https:\/\/prolancers.pl\/wp-content\/uploads\/2025\/01\/kelly-sikkema-3-Tc_5LROrM-unsplash-1-768x509.jpg 768w\" sizes=\"(max-width: 800px) 100vw, 800px\" \/>\t\t\t\t\t\t\t\t\t\t\t\t\t\t\t<\/div>\n\t\t\t\t<\/div>\n\t\t\t\t\t<\/div>\n\t\t<\/div>\n\t\t\t\t<div class=\"elementor-column elementor-col-50 elementor-inner-column elementor-element elementor-element-6dec9eb\" data-id=\"6dec9eb\" data-element_type=\"column\" data-e-type=\"column\">\n\t\t\t<div class=\"elementor-widget-wrap elementor-element-populated\">\n\t\t\t\t\t\t<div class=\"elementor-element elementor-element-ae53e16 elementor-widget elementor-widget-heading\" data-id=\"ae53e16\" data-element_type=\"widget\" data-e-type=\"widget\" data-widget_type=\"heading.default\">\n\t\t\t\t<div class=\"elementor-widget-container\">\n\t\t\t\t\t<h2 class=\"elementor-heading-title elementor-size-default\">Cennik<\/h2>\t\t\t\t<\/div>\n\t\t\t\t<\/div>\n\t\t\t\t<div class=\"elementor-element elementor-element-8e4bec1 elementor-widget elementor-widget-heading\" data-id=\"8e4bec1\" data-element_type=\"widget\" data-e-type=\"widget\" data-widget_type=\"heading.default\">\n\t\t\t\t<div class=\"elementor-widget-container\">\n\t\t\t\t\t<p class=\"elementor-heading-title elementor-size-default\">Podane ceny s\u0105 orientacyjne i w przypadku bardziej czasoch\u0142onnych zada\u0144 mog\u0105 by\u0107 wy\u017csze. Zach\u0119cam do kontaktu w celu uzyskania dok\u0142adnej wyceny i om\u00f3wienia warunk\u00f3w wsp\u00f3\u0142pracy.<\/p>\t\t\t\t<\/div>\n\t\t\t\t<\/div>\n\t\t\t\t<div class=\"elementor-element elementor-element-988e3bf elementor-tablet-align-left elementor-widget elementor-widget-button\" data-id=\"988e3bf\" data-element_type=\"widget\" data-e-type=\"widget\" data-widget_type=\"button.default\">\n\t\t\t\t<div class=\"elementor-widget-container\">\n\t\t\t\t\t\t\t\t\t<div class=\"elementor-button-wrapper\">\n\t\t\t\t\t<a class=\"elementor-button elementor-button-link elementor-size-lg elementor-animation-shrink\" href=\"https:\/\/prolancers.pl\/index.php\/kontakt\/\">\n\t\t\t\t\t\t<span class=\"elementor-button-content-wrapper\">\n\t\t\t\t\t\t\t\t\t<span class=\"elementor-button-text\">Skontaktuj si\u0119 ju\u017c teraz!<\/span>\n\t\t\t\t\t<\/span>\n\t\t\t\t\t<\/a>\n\t\t\t\t<\/div>\n\t\t\t\t\t\t\t\t<\/div>\n\t\t\t\t<\/div>\n\t\t\t\t\t<\/div>\n\t\t<\/div>\n\t\t\t\t\t<\/div>\n\t\t<\/section>\n\t\t\t\t<div class=\"elementor-element elementor-element-57d2c0a elementor-widget elementor-widget-text-editor\" data-id=\"57d2c0a\" data-element_type=\"widget\" data-e-type=\"widget\" data-widget_type=\"text-editor.default\">\n\t\t\t\t<div class=\"elementor-widget-container\">\n\t\t\t\t\t\t\t\t\t<ul>\n<li>Prowadzenie kampanii reklamowych Google ADS \u2013 od 1500z\u0142 netto\/mies.\n<p><em>(tekstowe, produktowe (GMC), graficzne, inteligentne) (dla e-commerce)<br><br><\/em><\/p>\n<p><\/p>\n<\/li>\n<li>Prowadzenie kampanii reklamowych Google ADS ) \u2013 od 1000z\u0142 netto\/mies.<br><em><em><em>(tekstowe, graficzne, inteligentne) (dla pozosta\u0142ych us\u0142ugodawc\u00f3w i lokali gastronomicznych)<br><br><\/em><\/em><\/em><\/li>\n<li>Prowadzenie kampanii reklamowych i promowa\u0144 Allegro ADS \u2013 od 750z\u0142 netto\/mies.<br><br><\/li>\n<li>Zdalny e-commerce manager \u2013 od 3000z\u0142 netto\/mies.<br><br><\/li>\n<li>Zdalne szkolenia dla pracownik\u00f3w \u2013 od 2100z\u0142 netto<br><em><em><em>(z zakresu e-commerce, marketingu internetowego, platform sprzeda\u017cowych)<br><br><\/em><\/em><\/em><\/li>\n<li>Analiza biznesowo-marketingowa \u2013 od 3000z\u0142 netto<br><em><em><em>(pomoc w znalezieniu optymalnych rozwi\u0105za\u0144, metod i miejsc promowa\u0144, optymalizacja dzia\u0142a\u0144)<br><br><\/em><\/em><\/em><\/li>\n<li>Pomoc w konsultacjach&nbsp; \u2013 350z\u0142 netto\/godz.<br><em><em>(z web developerami, programistami, firmami oferuj\u0105cymi technologie z zakresu e-commerce)<\/em><\/em><\/li>\n<\/ul>\t\t\t\t\t\t\t\t<\/div>\n\t\t\t\t<\/div>\n\t\t\t\t<section class=\"elementor-section elementor-inner-section elementor-element elementor-element-1e03412 elementor-section-full_width elementor-section-content-middle elementor-section-height-default elementor-section-height-default\" data-id=\"1e03412\" data-element_type=\"section\" data-e-type=\"section\">\n\t\t\t\t\t\t<div class=\"elementor-container elementor-column-gap-no\">\n\t\t\t\t\t<div class=\"elementor-column elementor-col-50 elementor-inner-column elementor-element elementor-element-456c571\" data-id=\"456c571\" data-element_type=\"column\" data-e-type=\"column\">\n\t\t\t<div class=\"elementor-widget-wrap elementor-element-populated\">\n\t\t\t\t\t\t<div class=\"elementor-element elementor-element-38c374c animated-slow elementor-invisible elementor-widget elementor-widget-image\" data-id=\"38c374c\" data-element_type=\"widget\" data-e-type=\"widget\" data-settings=\"{&quot;_animation&quot;:&quot;fadeInUp&quot;,&quot;_animation_delay&quot;:300}\" data-widget_type=\"image.default\">\n\t\t\t\t<div class=\"elementor-widget-container\">\n\t\t\t\t\t\t\t\t\t\t\t\t\t\t\t<img decoding=\"async\" width=\"800\" height=\"530\" src=\"https:\/\/prolancers.pl\/wp-content\/uploads\/2025\/01\/austin-distel-744oGeqpxPQ-unsplash-1-1.jpg\" class=\"attachment-full size-full wp-image-166\" alt=\"\" srcset=\"https:\/\/prolancers.pl\/wp-content\/uploads\/2025\/01\/austin-distel-744oGeqpxPQ-unsplash-1-1.jpg 800w, https:\/\/prolancers.pl\/wp-content\/uploads\/2025\/01\/austin-distel-744oGeqpxPQ-unsplash-1-1-300x199.jpg 300w, https:\/\/prolancers.pl\/wp-content\/uploads\/2025\/01\/austin-distel-744oGeqpxPQ-unsplash-1-1-768x509.jpg 768w\" sizes=\"(max-width: 800px) 100vw, 800px\" \/>\t\t\t\t\t\t\t\t\t\t\t\t\t\t\t<\/div>\n\t\t\t\t<\/div>\n\t\t\t\t\t<\/div>\n\t\t<\/div>\n\t\t\t\t<div class=\"elementor-column elementor-col-50 elementor-inner-column elementor-element elementor-element-8acff51\" data-id=\"8acff51\" data-element_type=\"column\" data-e-type=\"column\">\n\t\t\t<div class=\"elementor-widget-wrap elementor-element-populated\">\n\t\t\t\t\t\t<div class=\"elementor-element elementor-element-af7253b animated-slow elementor-invisible elementor-widget elementor-widget-image\" data-id=\"af7253b\" data-element_type=\"widget\" data-e-type=\"widget\" data-settings=\"{&quot;_animation&quot;:&quot;fadeInUp&quot;,&quot;_animation_delay&quot;:600}\" data-widget_type=\"image.default\">\n\t\t\t\t<div class=\"elementor-widget-container\">\n\t\t\t\t\t\t\t\t\t\t\t\t\t\t\t<img decoding=\"async\" width=\"800\" height=\"530\" src=\"https:\/\/prolancers.pl\/wp-content\/uploads\/2025\/01\/lukasz-radziejewski-r7odnDxF_2I-unsplash-12-1.jpg\" class=\"attachment-full size-full wp-image-167\" alt=\"\" srcset=\"https:\/\/prolancers.pl\/wp-content\/uploads\/2025\/01\/lukasz-radziejewski-r7odnDxF_2I-unsplash-12-1.jpg 800w, https:\/\/prolancers.pl\/wp-content\/uploads\/2025\/01\/lukasz-radziejewski-r7odnDxF_2I-unsplash-12-1-300x199.jpg 300w, https:\/\/prolancers.pl\/wp-content\/uploads\/2025\/01\/lukasz-radziejewski-r7odnDxF_2I-unsplash-12-1-768x509.jpg 768w\" sizes=\"(max-width: 800px) 100vw, 800px\" \/>\t\t\t\t\t\t\t\t\t\t\t\t\t\t\t<\/div>\n\t\t\t\t<\/div>\n\t\t\t\t\t<\/div>\n\t\t<\/div>\n\t\t\t\t\t<\/div>\n\t\t<\/section>\n\t\t\t\t\t<\/div>\n\t\t<\/div>\n\t\t\t\t\t<\/div>\n\t\t<\/section>\n\t\t\t\t<section class=\"elementor-section elementor-top-section elementor-element elementor-element-5c444c5 elementor-section-boxed elementor-section-height-default elementor-section-height-default\" data-id=\"5c444c5\" data-element_type=\"section\" data-e-type=\"section\" data-settings=\"{&quot;background_background&quot;:&quot;classic&quot;}\">\n\t\t\t\t\t\t\t<div class=\"elementor-background-overlay\"><\/div>\n\t\t\t\t\t\t\t<div class=\"elementor-container elementor-column-gap-no\">\n\t\t\t\t\t<div class=\"elementor-column elementor-col-100 elementor-top-column elementor-element elementor-element-5a22acb\" data-id=\"5a22acb\" data-element_type=\"column\" data-e-type=\"column\" data-settings=\"{&quot;background_background&quot;:&quot;classic&quot;}\">\n\t\t\t<div class=\"elementor-widget-wrap\">\n\t\t\t\t\t<div class=\"elementor-background-overlay\"><\/div>\n\t\t\t\t\t\t\t<\/div>\n\t\t<\/div>\n\t\t\t\t\t<\/div>\n\t\t<\/section>\n\t\t\t\t<\/div>\n\t\t","protected":false},"excerpt":{"rendered":"<p>Cennik Zapraszam do zapoznania si\u0119 z cenami poszczeg\u00f3lnych us\u0142ug. Dok\u0142adniejsze informacje mo\u017cna znale\u017a\u0107 w karcie poszczeg\u00f3lnych us\u0142ug. Strona G\u0142\u00f3wna Cennik Podane ceny s\u0105 orientacyjne i w przypadku bardziej czasoch\u0142onnych zada\u0144 mog\u0105 by\u0107 wy\u017csze. Zach\u0119cam do kontaktu w celu uzyskania dok\u0142adnej wyceny i om\u00f3wienia warunk\u00f3w wsp\u00f3\u0142pracy. Skontaktuj si\u0119 ju\u017c teraz! Prowadzenie kampanii reklamowych Google ADS \u2013 [&hellip;]<\/p>\n","protected":false},"author":1,"featured_media":0,"parent":0,"menu_order":0,"comment_status":"closed","ping_status":"closed","template":"elementor_header_footer","meta":{"_eb_attr":"","footnotes":""},"class_list":["post-105","page","type-page","status-publish","hentry"],"yoast_head":"<!-- This site is optimized with the Yoast SEO plugin v27.3 - https:\/\/yoast.com\/product\/yoast-seo-wordpress\/ -->\n<title>Cennik Us\u0142ug<\/title>\n<meta name=\"description\" content=\"Uzyskaj profesjonalne wsparcie z zakresu e-commerce i marketingu internetowego. Dzia\u0142ania i rozwi\u0105zania stawiaj\u0105ce na skuteczno\u015b\u0107.\" \/>\n<meta name=\"robots\" content=\"index, follow, max-snippet:-1, max-image-preview:large, max-video-preview:-1\" \/>\n<link rel=\"canonical\" href=\"https:\/\/prolancers.pl\/index.php\/cennik-uslug\/\" \/>\n<meta property=\"og:locale\" content=\"pl_PL\" \/>\n<meta property=\"og:type\" content=\"article\" \/>\n<meta property=\"og:title\" content=\"Cennik Us\u0142ug\" \/>\n<meta property=\"og:description\" content=\"Uzyskaj profesjonalne wsparcie z zakresu e-commerce i marketingu internetowego. Dzia\u0142ania i rozwi\u0105zania stawiaj\u0105ce na skuteczno\u015b\u0107.\" \/>\n<meta property=\"og:url\" content=\"https:\/\/prolancers.pl\/index.php\/cennik-uslug\/\" \/>\n<meta property=\"og:site_name\" content=\"ProLancers\" \/>\n<meta property=\"article:modified_time\" content=\"2026-03-29T19:32:57+00:00\" \/>\n<meta property=\"og:image\" content=\"https:\/\/prolancers.pl\/wp-content\/uploads\/2025\/01\/kelly-sikkema-3-Tc_5LROrM-unsplash-1.jpg\" \/>\n\t<meta property=\"og:image:width\" content=\"800\" \/>\n\t<meta property=\"og:image:height\" content=\"530\" \/>\n\t<meta property=\"og:image:type\" content=\"image\/jpeg\" \/>\n<meta name=\"twitter:card\" content=\"summary_large_image\" \/>\n<meta name=\"twitter:label1\" content=\"Szacowany czas czytania\" \/>\n\t<meta name=\"twitter:data1\" content=\"2 minuty\" \/>\n<script type=\"application\/ld+json\" class=\"yoast-schema-graph\">{\"@context\":\"https:\\\/\\\/schema.org\",\"@graph\":[{\"@type\":\"WebPage\",\"@id\":\"https:\\\/\\\/prolancers.pl\\\/index.php\\\/cennik-uslug\\\/\",\"url\":\"https:\\\/\\\/prolancers.pl\\\/index.php\\\/cennik-uslug\\\/\",\"name\":\"Cennik Us\u0142ug\",\"isPartOf\":{\"@id\":\"https:\\\/\\\/prolancers.pl\\\/#website\"},\"primaryImageOfPage\":{\"@id\":\"https:\\\/\\\/prolancers.pl\\\/index.php\\\/cennik-uslug\\\/#primaryimage\"},\"image\":{\"@id\":\"https:\\\/\\\/prolancers.pl\\\/index.php\\\/cennik-uslug\\\/#primaryimage\"},\"thumbnailUrl\":\"https:\\\/\\\/prolancers.pl\\\/wp-content\\\/uploads\\\/2025\\\/01\\\/kelly-sikkema-3-Tc_5LROrM-unsplash-1.jpg\",\"datePublished\":\"2025-01-18T17:01:46+00:00\",\"dateModified\":\"2026-03-29T19:32:57+00:00\",\"description\":\"Uzyskaj profesjonalne wsparcie z zakresu e-commerce i marketingu internetowego. Dzia\u0142ania i rozwi\u0105zania stawiaj\u0105ce na skuteczno\u015b\u0107.\",\"breadcrumb\":{\"@id\":\"https:\\\/\\\/prolancers.pl\\\/index.php\\\/cennik-uslug\\\/#breadcrumb\"},\"inLanguage\":\"pl-PL\",\"potentialAction\":[{\"@type\":\"ReadAction\",\"target\":[\"https:\\\/\\\/prolancers.pl\\\/index.php\\\/cennik-uslug\\\/\"]}]},{\"@type\":\"ImageObject\",\"inLanguage\":\"pl-PL\",\"@id\":\"https:\\\/\\\/prolancers.pl\\\/index.php\\\/cennik-uslug\\\/#primaryimage\",\"url\":\"https:\\\/\\\/prolancers.pl\\\/wp-content\\\/uploads\\\/2025\\\/01\\\/kelly-sikkema-3-Tc_5LROrM-unsplash-1.jpg\",\"contentUrl\":\"https:\\\/\\\/prolancers.pl\\\/wp-content\\\/uploads\\\/2025\\\/01\\\/kelly-sikkema-3-Tc_5LROrM-unsplash-1.jpg\",\"width\":800,\"height\":530},{\"@type\":\"BreadcrumbList\",\"@id\":\"https:\\\/\\\/prolancers.pl\\\/index.php\\\/cennik-uslug\\\/#breadcrumb\",\"itemListElement\":[{\"@type\":\"ListItem\",\"position\":1,\"name\":\"Strona g\u0142\u00f3wna\",\"item\":\"https:\\\/\\\/prolancers.pl\\\/\"},{\"@type\":\"ListItem\",\"position\":2,\"name\":\"Cennik\"}]},{\"@type\":\"WebSite\",\"@id\":\"https:\\\/\\\/prolancers.pl\\\/#website\",\"url\":\"https:\\\/\\\/prolancers.pl\\\/\",\"name\":\"ProLancers\",\"description\":\"E-commerce | Marketing\",\"publisher\":{\"@id\":\"https:\\\/\\\/prolancers.pl\\\/#organization\"},\"potentialAction\":[{\"@type\":\"SearchAction\",\"target\":{\"@type\":\"EntryPoint\",\"urlTemplate\":\"https:\\\/\\\/prolancers.pl\\\/?s={search_term_string}\"},\"query-input\":{\"@type\":\"PropertyValueSpecification\",\"valueRequired\":true,\"valueName\":\"search_term_string\"}}],\"inLanguage\":\"pl-PL\"},{\"@type\":\"Organization\",\"@id\":\"https:\\\/\\\/prolancers.pl\\\/#organization\",\"name\":\"ProLancers\",\"url\":\"https:\\\/\\\/prolancers.pl\\\/\",\"logo\":{\"@type\":\"ImageObject\",\"inLanguage\":\"pl-PL\",\"@id\":\"https:\\\/\\\/prolancers.pl\\\/#\\\/schema\\\/logo\\\/image\\\/\",\"url\":\"https:\\\/\\\/prolancers.pl\\\/wp-content\\\/uploads\\\/2025\\\/01\\\/Logo-V.png\",\"contentUrl\":\"https:\\\/\\\/prolancers.pl\\\/wp-content\\\/uploads\\\/2025\\\/01\\\/Logo-V.png\",\"width\":800,\"height\":222,\"caption\":\"ProLancers\"},\"image\":{\"@id\":\"https:\\\/\\\/prolancers.pl\\\/#\\\/schema\\\/logo\\\/image\\\/\"}}]}<\/script>\n<!-- \/ Yoast SEO plugin. -->","yoast_head_json":{"title":"Cennik Us\u0142ug","description":"Uzyskaj profesjonalne wsparcie z zakresu e-commerce i marketingu internetowego. Dzia\u0142ania i rozwi\u0105zania stawiaj\u0105ce na skuteczno\u015b\u0107.","robots":{"index":"index","follow":"follow","max-snippet":"max-snippet:-1","max-image-preview":"max-image-preview:large","max-video-preview":"max-video-preview:-1"},"canonical":"https:\/\/prolancers.pl\/index.php\/cennik-uslug\/","og_locale":"pl_PL","og_type":"article","og_title":"Cennik Us\u0142ug","og_description":"Uzyskaj profesjonalne wsparcie z zakresu e-commerce i marketingu internetowego. Dzia\u0142ania i rozwi\u0105zania stawiaj\u0105ce na skuteczno\u015b\u0107.","og_url":"https:\/\/prolancers.pl\/index.php\/cennik-uslug\/","og_site_name":"ProLancers","article_modified_time":"2026-03-29T19:32:57+00:00","og_image":[{"width":800,"height":530,"url":"https:\/\/prolancers.pl\/wp-content\/uploads\/2025\/01\/kelly-sikkema-3-Tc_5LROrM-unsplash-1.jpg","type":"image\/jpeg"}],"twitter_card":"summary_large_image","twitter_misc":{"Szacowany czas czytania":"2 minuty"},"schema":{"@context":"https:\/\/schema.org","@graph":[{"@type":"WebPage","@id":"https:\/\/prolancers.pl\/index.php\/cennik-uslug\/","url":"https:\/\/prolancers.pl\/index.php\/cennik-uslug\/","name":"Cennik Us\u0142ug","isPartOf":{"@id":"https:\/\/prolancers.pl\/#website"},"primaryImageOfPage":{"@id":"https:\/\/prolancers.pl\/index.php\/cennik-uslug\/#primaryimage"},"image":{"@id":"https:\/\/prolancers.pl\/index.php\/cennik-uslug\/#primaryimage"},"thumbnailUrl":"https:\/\/prolancers.pl\/wp-content\/uploads\/2025\/01\/kelly-sikkema-3-Tc_5LROrM-unsplash-1.jpg","datePublished":"2025-01-18T17:01:46+00:00","dateModified":"2026-03-29T19:32:57+00:00","description":"Uzyskaj profesjonalne wsparcie z zakresu e-commerce i marketingu internetowego. Dzia\u0142ania i rozwi\u0105zania stawiaj\u0105ce na skuteczno\u015b\u0107.","breadcrumb":{"@id":"https:\/\/prolancers.pl\/index.php\/cennik-uslug\/#breadcrumb"},"inLanguage":"pl-PL","potentialAction":[{"@type":"ReadAction","target":["https:\/\/prolancers.pl\/index.php\/cennik-uslug\/"]}]},{"@type":"ImageObject","inLanguage":"pl-PL","@id":"https:\/\/prolancers.pl\/index.php\/cennik-uslug\/#primaryimage","url":"https:\/\/prolancers.pl\/wp-content\/uploads\/2025\/01\/kelly-sikkema-3-Tc_5LROrM-unsplash-1.jpg","contentUrl":"https:\/\/prolancers.pl\/wp-content\/uploads\/2025\/01\/kelly-sikkema-3-Tc_5LROrM-unsplash-1.jpg","width":800,"height":530},{"@type":"BreadcrumbList","@id":"https:\/\/prolancers.pl\/index.php\/cennik-uslug\/#breadcrumb","itemListElement":[{"@type":"ListItem","position":1,"name":"Strona g\u0142\u00f3wna","item":"https:\/\/prolancers.pl\/"},{"@type":"ListItem","position":2,"name":"Cennik"}]},{"@type":"WebSite","@id":"https:\/\/prolancers.pl\/#website","url":"https:\/\/prolancers.pl\/","name":"ProLancers","description":"E-commerce | Marketing","publisher":{"@id":"https:\/\/prolancers.pl\/#organization"},"potentialAction":[{"@type":"SearchAction","target":{"@type":"EntryPoint","urlTemplate":"https:\/\/prolancers.pl\/?s={search_term_string}"},"query-input":{"@type":"PropertyValueSpecification","valueRequired":true,"valueName":"search_term_string"}}],"inLanguage":"pl-PL"},{"@type":"Organization","@id":"https:\/\/prolancers.pl\/#organization","name":"ProLancers","url":"https:\/\/prolancers.pl\/","logo":{"@type":"ImageObject","inLanguage":"pl-PL","@id":"https:\/\/prolancers.pl\/#\/schema\/logo\/image\/","url":"https:\/\/prolancers.pl\/wp-content\/uploads\/2025\/01\/Logo-V.png","contentUrl":"https:\/\/prolancers.pl\/wp-content\/uploads\/2025\/01\/Logo-V.png","width":800,"height":222,"caption":"ProLancers"},"image":{"@id":"https:\/\/prolancers.pl\/#\/schema\/logo\/image\/"}}]}},"_links":{"self":[{"href":"https:\/\/prolancers.pl\/index.php\/wp-json\/wp\/v2\/pages\/105","targetHints":{"allow":["GET"]}}],"collection":[{"href":"https:\/\/prolancers.pl\/index.php\/wp-json\/wp\/v2\/pages"}],"about":[{"href":"https:\/\/prolancers.pl\/index.php\/wp-json\/wp\/v2\/types\/page"}],"author":[{"embeddable":true,"href":"https:\/\/prolancers.pl\/index.php\/wp-json\/wp\/v2\/users\/1"}],"replies":[{"embeddable":true,"href":"https:\/\/prolancers.pl\/index.php\/wp-json\/wp\/v2\/comments?post=105"}],"version-history":[{"count":91,"href":"https:\/\/prolancers.pl\/index.php\/wp-json\/wp\/v2\/pages\/105\/revisions"}],"predecessor-version":[{"id":730,"href":"https:\/\/prolancers.pl\/index.php\/wp-json\/wp\/v2\/pages\/105\/revisions\/730"}],"wp:attachment":[{"href":"https:\/\/prolancers.pl\/index.php\/wp-json\/wp\/v2\/media?parent=105"}],"curies":[{"name":"wp","href":"https:\/\/api.w.org\/{rel}","templated":true}]}}